x) = 31 + 0 + 10*x - 12*x + 32. What is the remainder when r(-7) is divided by -2 + (-2)/(-10)*345/3?
14
Let o = 18454 + -17924. Calculate the remainder when o is divided by 207.
116
Suppose 3*l + 451 = x, -483*x - 2*l = -484*x + 445. What is the remainder when 1750 is divided by x?
18
Suppose 396 + 338 - 104 = 126*j. Calculate the remainder when 59/2 + 1/(-2) is divided by j.
4
Let t(l) = -l - 27. Let r = -48 + 37. Let d be t(r). What is the remainder when 54 is divided by (20/(-8) + 6)/((-2)/d)?
26
Suppose 15 - 119 = -4*k. Let z be (-6)/(-36) - (-1)/18*-3. Suppose 0 = -4*q - a + 42, 0 = 2*q - z*a - 4*a - 12. Calculate the remainder when k is divided by q.
6
Let z be (3 - -3 - 0)/(63/1806). Suppose 8*r = 132 + z. Calculate the remainder when 105 is divided by r.
29
What is the remainder when 5755 is divided by 48/(-6 + 2)*(-15)/(-12)*-2?
25
Suppose 2755 = 16536*t - 16507*t. What is the remainder when 6553 is divided by t?
93
Let u(w) be the first derivative of w**2 + 100*w - 63. Calculate the remainder when 90 is divided by u(-46).
2
Let d be 9/(-6) - 6/(-12). Let p = 73 - d. Calculate the remainder when p is divided by 25.
24
Suppose -20*p + 16*p + 4*k = -76, 0 = -3*p - k + 53. What is the remainder when 154 is divided by p?
10
Suppose 8*b = 4*b - 116. What is the remainder when (0 - -1)/(483/(-27) + 18) is divided by b/(-6) + 8/48?
4
Let t(w) = w**3 - 37*w**2 - 10*w + 474. What is the remainder when t(37) is divided by 65?
39
Let l be -3*2/(-8) - (-12939)/76. Let m = l + -135. What is the remainder when 1/(-4*(-2)/552) is divided by m?
33
Suppose 0*n - 26 = -3*n + o, -5*n = -4*o - 48. Suppose -5*r = -3*r - n. What is the remainder when 309/12 + r/16 is divided by 9?
8
Let o(m) be the first derivative of 2*m**2 - m - 2. Calculate the remainder when (-4)/24*3*(-87 + 1) is divided by o(4).
13
Let c be (47 - (6 - 13))*(-3)/(-2). Suppose 4*y - 85 = -d, -d - 2*y + c = y. Calculate the remainder when 265 is divided by d.
58
Suppose -g - 11*l = -14*l - 973, 987 = g - l. Calculate the remainder when g is divided by 128.
98
Suppose 2*b - 4 + 6 = 0. Let h be 279 + 4/((-4)/b). Suppose 4*n = 5*v - 250, 5*v - 2*n = -4*n + h. Calculate the remainder when v is divided by 8.
6
Suppose -4*l + r = -200 - 59, 2*l - 5*r = 125. What is the remainder when -2 - -183 - (0 - (-20)/(-5)) is divided by l?
55
Suppose 44*r = 41*r + 51. Let y(i) = -11*i + 2. Let h be y(-1). Let q(v) = -v**2 + 16*v + 28. What is the remainder when q(h) is divided by r?
16
Let i = 14648 - 12763. What is the remainder when i is divided by 30?
25
Let g(x) be the second derivative of -x**4/12 + 17*x**3/6 + 22*x**2 - 31*x. What is the remainder when g(18) is divided by 14?
12
Let c be (6/(-15))/((-3)/(-90)*-2). Let j be 0/1*(-1 + c + -4). Calculate the remainder when (-40)/(j + -2)*8/16 is divided by 4.
2
Let s = 74616 + -74574. Let a be (-4)/6 + 40/(-12). Calculate the remainder when s is divided by 22*(2 - (-6)/a).
9
Let a(o) = 13*o + 2 - 6 - 26 + 3 + 6. Calculate the remainder when 262 is divided by a(5).
42
Let j(o) = -o**2 - 7*o - 4. Let i be j(-6). Let h(n) = -151*n + 931. What is the remainder when (-47)/(2 - 1 - i) is divided by h(6)?
22
Suppose 8*h + 31*h + 435 = 2463. Suppose 0*y = -2*y + 6. Let w(i) = i**3 - 2*i**2 + 2*i - 1. What is the remainder when h is divided by w(y)?
10
Calculate the remainder when (0 + 4/36)/(38/580374) is divided by 171.
158
Suppose 8*j - 11 = k, -18*k - 34 = -19*k - j. Suppose 0 = -5*t + 2*t + 255. What is the remainder when t is divided by k?
27
Suppose 987 - 56 = 7*w. Suppose 0 = -23*o + 931 - 149. What is the remainder when w is divided by o?
31
Let i(v) = -v + 10. Let j be i(-8). Let d = 31 - j. Calculate the remainder when d is divided by (-238)/68*(2 - (-136)/(-28)).
3
Let f be 24/3*(28/8 - 3). What is the remainder when 55 is divided by -92*4/(-8) - 16/f?
13
Let p = -131 - -143. Calculate the remainder when 216 is divided by ((-93)/p)/((-5)/(-20))*-1.
30
Let a(o) = -4*o - 8. Let z(w) = 3*w**2 + 18*w + 9. Let x = -13 + 8. Let j be z(x). What is the remainder when 28 is divided by a(j)?
12
Let i = 574 + -637. Calculate the remainder when 118 is divided by 25/4*14*(-18)/i.
18
Suppose h - 4*h + 204 = 3*y, -5*h - 3*y + 348 = 0. Let m = h - -93. Calculate the remainder when 1/(-3 - m/(-54)) is divided by 5.
3
Let h = 112 + -61. Suppose -5*z + 14 + h = 0. Suppose 0 = -7*r + 3*r + 152. What is the remainder when r is divided by z?
12
Let i(b) = -b - 5. Let m be i(6). Let g = m - -41. Calculate the remainder when 179 is divided by g/(-7)*-1*(-1 + 8).
29
Let b be 2 + -2 + 2 - (-3 + 1). What is the remainder when 24 is divided by (-2)/b*1*(-348)/29?
0
Let n = -2251 - -2280. What is the remainder when 413 is divided by n?
7
Let s(w) = -w**3 - 49*w**2 + 664*w + 24. What is the remainder when 886 is divided by s(11)?
2
Suppose -254 + 2 = 6*h. Suppose q = 75 + 168. What is the remainder when q is divided by 162/h + 4 - 684/(-14)?
47
Let t = 6 - 4. Suppose -71*j = -66*j - 335. Calculate the remainder when j is divided by (23 + 0)*(-1 + t).
21
Let y = 39 - -12. Suppose -32*u + 30*u = -q + 88, -3*q - 5*u + 275 = 0. Suppose 0 = 142*h - 127*h - q. Calculate the remainder when y is divided by h.
3
Suppose 2*s + 42*y - 40*y - 36 = 0, 70 = 4*s + 2*y. Calculate the remainder when 1477 is divided by s.
15
Let g = -18 + 25. Suppose -5*q + 62 = -3*q. Suppose 5*d + 4*z = 88, 2*d - q = 3*z - 5. What is the remainder when d is divided by g?
2
Let a(p) be the third derivative of -1/6*p**3 + 0 + 0*p + 41*p**2 - 1/3*p**4. What is the remainder when 38 is divided by a(-3)?
15
Let i(c) = -2*c - 2. Let g(q) = -21*q + 33. Let s(f) = -g(f) + 3*i(f). What is the remainder when s(8) is divided by 42?
39
Let m(t) = t**2 - 7*t - 4. Let q be m(8). Suppose 0 = 2*v + 2, -5*v + q*v = -4*s + 41. Calculate the remainder when 187 is divided by s.
7
Let m = -93 - -93. Suppose m = -11*n + 7*n + 24. Calculate the remainder when 40 is divided by n.
4
Let k(z) = 3*z**2 - 9*z - 8. Let h(n) = -2*n**2 + 8*n + 577. Calculate the remainder when k(-7) is divided by h(19).
6
Suppose 2*f + 67 = -4*i + 253, -5*f = 2*i - 505. Let y = -32 + f. Calculate the remainder when y is divided by 32.
7
Let k(o) = 6*o**2 - 51*o - 47. What is the remainder when k(-14) is divided by 71?
68
Let b(n) = n**3 + 3*n**2 - 2*n + 6. Let q be b(-3). Suppose -q = -a + 6. Calculate the remainder when 52 is divided by a.
16
Suppose -305*x + 20209 + 30227 = -197*x. What is the remainder when x is divided by 141?
44
Let c = 884 + -499. Let h = 399 - c. Calculate the remainder when 16 is divided by h.
2
Let x(w) = -w**3 + 2*w**2 + 7*w + 5. What is the remainder when (2 - -14)/(2/6) is divided by x(-2)?
6
Let y(w) = 172*w**2 - 108*w - 188. Calculate the remainder when y(9) is divided by 241.
240
Suppose 29*j + 47*j - 19380 = 0. Calculate the remainder when j is divided by 8.
7
Suppose -2*j = -2*k - 1346, 688 = -20*j + 21*j - 4*k. What is the remainder when j is divided by 108?
20
Let b = 9493 - 9405. Calculate the remainder when b is divided by (-31)/1*(1 - 2).
26
Let z be (-5)/((-25)/15) + -6. Suppose 6*g = 49 + 5. Let n = g - z. Calculate the remainder when 46 is divided by n.
10
Let k = 145 - 95. Suppose 5*w = -z - z + 511, 4*w + 980 = 4*z. What is the remainder when z is divided by k?
48
Suppose -2*v + 3*v + 4*x = 17, 0 = -3*x. Suppose 8 = 2*f, 25*h = 22*h - f + 562. Calculate the remainder when h is divided by v.
16
Let j = 401 + -399. What is the remainder when 5/(j + -17)*(-21 + 3) is divided by 4?
2
Let c be (-10)/(-4)*(-168)/(-180)*-63. Let j = c - -160. What is the remainder when 116 is divided by j?
12
Suppose 4*d - 5*d - v = -27, 69 = 2*d + 5*v. Let s(l) = -569*l**3 + 573*l**3 - 1 - 2 + 3*l**2. Calculate the remainder when s(2) is divided by d.
19
Let c = -2664 + 2941. Calculate the remainder when c is divided by 139.
138
Let s(w) be the third derivative of w**6/120 + 11*w**5/20 - 23*w**4/8 + 25*w**3/2 - 4*w**2 - 5*w. Calculate the remainder when 518 is divided by s(-35).
38
Let i(p) = 12 - 3*p**2 + 15*p**2 - 14*p - 13*p**2. Let x be i(-12). Suppose -20*j - x = -1756. What is the remainder when j is divided by 11?
9
Suppose -4*l + 289 = 5*a + 276, -2*a + 12 = 5*l. Calculate the remainder when 118 is divided by a.
0
Let a(h)